s the greatest common divisor of 94 and 177566?
94
Calculate the highest common divisor of 795112 and 152.
152
What is the highest common divisor of 177399 and 261?
9
Calculate the highest common factor of 12903 and 289.
17
What is the highest common divisor of 288 and 628?
4
Calculate the greatest common factor of 64 and 79048.
8
Calculate the highest common divisor of 8510 and 92.
46
Calculate the greatest common divisor of 8 and 32792.
8
What is the greatest common divisor of 2464 and 238?
14
Calculate the highest common factor of 96 and 19018464.
96
Calculate the highest common factor of 9416 and 368.
8
Calculate the highest common divisor of 228 and 45468.
12
Calculate the greatest common factor of 15484 and 196.
196
Calculate the greatest common factor of 1246461 and 978.
489
What is the greatest common factor of 27693 and 5792?
181
Calculate the highest common factor of 56553 and 21.
21
Calculate the greatest common divisor of 290 and 116.
58
What is the greatest common factor of 40339 and 29?
29
Calculate the highest common divisor of 12 and 12234.
6
What is the highest common factor of 6076 and 992?
124
What is the greatest common divisor of 5120 and 620?
20
Calculate the greatest common divisor of 275 and 79915.
55
Calculate the greatest common divisor of 987 and 133950.
141
Calculate the greatest common divisor of 60 and 926920.
20
Calculate the highest common divisor of 15440 and 2000.
80
Calculate the highest common factor of 12426 and 18696.
114
Calculate the highest common divisor of 864466 and 73.
73
Calculate the highest common factor of 3388 and 8833.
121
What is the highest common factor of 1342 and 32086?
122
What is the greatest common divisor of 186 and 85777?
31
What is the greatest common factor of 32469 and 711?
237
What is the highest common divisor of 9990 and 6210?
270
Calculate the greatest common divisor of 2336 and 18031.
73
What is the highest common factor of 181373 and 47?
47
Calculate the highest common divisor of 83436 and 153.
51
Calculate the greatest common divisor of 290 and 2285.
5
What is the highest common divisor of 349 and 1583413?
349
Calculate the highest common factor of 2944 and 5704.
184
What is the greatest common divisor of 1155 and 1991?
11
What is the highest common factor of 26049 and 1938?
57
Calculate the highest common factor of 83580 and 35.
35
What is the highest common factor of 1330 and 2870?
70
What is the greatest common divisor of 39 and 600132?
39
Calculate the greatest common factor of 155359 and 43.
43
Calculate the highest common factor of 810 and 68490.
90
What is the greatest common factor of 10439 and 39?
13
What is the greatest common factor of 462 and 10813341?
231
What is the greatest common factor of 714 and 4242?
42
What is the greatest common factor of 121127 and 118?
59
What is the greatest common factor of 86127 and 57?
57
What is the greatest common factor of 8205 and 180?
15
Calculate the greatest common factor of 63 and 6132.
21
What is the highest common factor of 128 and 876448?
32
What is the greatest common divisor of 1350 and 655800?
150
Calculate the highest common divisor of 12 and 557704.
4
Calculate the highest common factor of 390 and 72280.
130
What is the greatest common factor of 67952 and 1644?
548
Calculate the highest common divisor of 36 and 7704756.
36
What is the greatest common divisor of 406 and 1566?
58
What is the highest common factor of 50008 and 44?
4
What is the greatest common factor of 645342 and 354?
354
What is the greatest common factor of 36 and 307422?
18
What is the greatest common factor of 8646 and 6?
6
Calculate the greatest common divisor of 150 and 10410.
30
What is the highest common factor of 948 and 743469?
237
Calculate the highest common divisor of 232 and 56492.
116
What is the highest common factor of 164 and 3157?
41
What is the greatest common divisor of 381744 and 432?
144
What is the highest common factor of 1158 and 1266?
6
Calculate the greatest common divisor of 65186 and 154.
22
What is the highest common divisor of 175 and 340550?
175
Calculate the highest common factor of 35769 and 3.
3
What is the greatest common factor of 101988 and 72?
36
What is the greatest common factor of 8375 and 6499?
67
Calculate the highest common divisor of 39329 and 67.
67
Calculate the highest common divisor of 770 and 41250.
110
What is the greatest common divisor of 1826307 and 81?
81
What is the highest common factor of 144039 and 2394?
399
What is the greatest common factor of 4616109 and 243?
81
What is the greatest common divisor of 84 and 77892?
12
What is the highest common factor of 532 and 159828?
76
What is the greatest common divisor of 608 and 2976?
32
What is the highest common factor of 86426 and 82160?
158
Calculate the greatest common divisor of 1099326 and 6.
6
Calculate the greatest common divisor of 107 and 41623.
107
Calculate the highest common factor of 2570 and 1270.
10
What is the greatest common divisor of 72926 and 7?
7
What is the highest common factor of 112 and 80248?
56
What is the highest common factor of 193990 and 30?
10
Calculate the greatest common factor of 30 and 316770.
30
Calculate the greatest common divisor of 31 and 9565.
1
Calculate the greatest common divisor of 154 and 66154.
22
Calculate the highest common factor of 104765 and 115.
115
Calculate the greatest common divisor of 82574 and 3498.
106
Calculate the greatest common factor of 360 and 2328.
24
Calculate the highest common divisor of 2340264 and 18.
6
What is the highest common factor of 655290 and 30?
30
Calculate the highest common divisor of 23165 and 1353.
41
Calculate the highest common divisor of 497 and 224.
7
What is the greatest common divisor of 170 and 187510?
170
What is the greatest common factor of 147 and 166943?
49
Calculate the greatest common divisor of 251070 and 30.
30
Calculate the highest common factor of 56361 and 129.
3
What is the highest common factor of 53557 and 147?
49
Calculate the greatest common factor of 76006 and 14945.
427
What is the highest common factor of 4812 and 2688?
12
What is the greatest common divisor of 1860 and 10788?
372
What is the greatest common divisor of 64681 and 58304?
911
Calculate the highest common divisor of 5586 and 2337.
57
What is the greatest common factor of 62 and 1282966?
62
What is the greatest common factor of 104489 and 322?
161
Calculate the greatest common divisor of 180255 and 61.
61
Calculate the greatest common factor of 21 and 1405299.
21
What is the highest common divisor of 288 and 68316?
12
What is the highest common factor of 318493 and 519?
173
Calculate the highest common divisor of 5208 and 8232.
168
What is the greatest common factor of 1813507 and 157?
157
What is the greatest common divisor of 1103175 and 675?
225
Calculate the greatest common divisor of 2216790 and 234.
18
What is the highest common divisor of 2806 and 14306?
46
What is the greatest common divisor of 243200 and 200?
200
What is the greatest common factor of 122211 and 28638?
333
What is the highest common divisor of 126315 and 1008?
63
Calculate the highest common factor of 54 and 1678.
2
Calculate the greatest common factor of 121184 and 2016.
224
Calculate the greatest common factor of 248 and 1381298.
62
Calculate the greatest common divisor of 440 and 26840.
440
What is the highest common factor of 196 and 296401?
49
Calculate the greatest common factor of 24794 and 172480.
1078
Calculate the greatest common divisor of 6463 and 343944.
281
Calculate the greatest common factor of 46 and 10862.
2
What is the highest common factor of 10327 and 115?
23
What is the highest common factor of 110171 and 524?
131
What is the greatest common factor of 25661 and 268?
67
Calculate the highest common divisor of 234 and 17406.
18
Calculate the greatest common factor of 7825 and 313.
313
Calculate the highest common divisor of 690 and 2236290.
690
Calculate the greatest common divisor of 202224 and 352.
176
Calculate the greatest common factor of 10440 and 520.
40
Calculate the highest common factor of 595224 and 12600.
504
Calculate the greatest common divisor of 10787 and 282338.
469
What is the greatest common factor of 270 and 2490?
30
Calculate the highest common divisor 